500?
500
What is the greatest common factor of 22 and 359029?
11
What is the greatest common divisor of 406 and 34384?
14
Calculate the greatest common factor of 28683 and 9.
9
Calculate the greatest common divisor of 4131 and 2241.
27
What is the highest common divisor of 5907 and 5016?
33
What is the highest common divisor of 536 and 42076?
268
What is the highest common factor of 2392 and 185081?
299
Calculate the highest common factor of 477 and 96513.
159
What is the highest common divisor of 97 and 58588?
97
What is the greatest common divisor of 6127 and 209?
11
What is the greatest common divisor of 5605 and 4897?
59
What is the greatest common divisor of 107 and 33063?
107
What is the greatest common divisor of 29619 and 1350?
27
Calculate the greatest common factor of 31 and 1113241.
31
Calculate the highest common factor of 23 and 391253.
23
What is the highest common factor of 242 and 468875?
121
What is the greatest common factor of 9952 and 1312?
32
Calculate the greatest common factor of 46590 and 150.
30
What is the highest common factor of 3484 and 285286?
134
Calculate the greatest common divisor of 3808 and 29288.
56
Calculate the greatest common divisor of 3401 and 12530.
179
What is the highest common factor of 2272 and 1562?
142
What is the highest common divisor of 2129940 and 360?
180
Calculate the greatest common factor of 38202 and 4.
2
Calculate the highest common factor of 54 and 1085157.
27
What is the highest common factor of 23586 and 750?
6
What is the highest common divisor of 59 and 314824?
59
What is the greatest common divisor of 240 and 5685?
15
Calculate the greatest common factor of 4932876 and 12.
12
Calculate the highest common divisor of 113442 and 146.
146
Calculate the greatest common factor of 111 and 5356194.
111
Calculate the highest common factor of 170437 and 2009.
41
Calculate the greatest common factor of 451 and 6437.
41
Calculate the highest common factor of 110292 and 4836.
156
What is the highest common divisor of 305634 and 483?
21
What is the greatest common divisor of 6059 and 803?
73
Calculate the greatest common divisor of 430 and 13387190.
430
What is the highest common divisor of 2142 and 150297?
357
What is the highest common divisor of 452 and 16928?
4
Calculate the greatest common factor of 2466 and 3234.
6
Calculate the highest common divisor of 276 and 217074.
138
Calculate the highest common divisor of 329454 and 324.
54
What is the greatest common factor of 110072 and 32?
8
Calculate the highest common divisor of 2288 and 4191.
11
What is the greatest common factor of 1196 and 643448?
1196
What is the highest common divisor of 25512 and 48?
24
What is the highest common factor of 4183382 and 114?
38
What is the greatest common divisor of 16 and 12120?
8
Calculate the highest common factor of 3004274 and 85.
17
What is the highest common factor of 643003 and 123?
41
What is the greatest common divisor of 44 and 631378?
22
What is the greatest common factor of 2967 and 699223?
989
What is the greatest common factor of 200 and 47650?
50
Calculate the greatest common factor of 141 and 21667.
47
Calculate the greatest common factor of 31927 and 77.
7
Calculate the highest common divisor of 166 and 154463.
83
Calculate the greatest common divisor of 10 and 188990.
10
Calculate the greatest common factor of 65 and 175955.
65
Calculate the highest common factor of 2825 and 125.
25
Calculate the highest common divisor of 4624 and 2890.
578
Calculate the highest common divisor of 20 and 2956.
4
What is the highest common factor of 1434704 and 16?
16
What is the highest common factor of 819 and 35763?
273
Calculate the highest common divisor of 593 and 260327.
593
Calculate the greatest common divisor of 54281 and 2635.
527
Calculate the greatest common divisor of 430214 and 502.
502
Calculate the greatest common divisor of 64619 and 2527.
361
Calculate the greatest common factor of 224 and 908768.
224
Calculate the highest common divisor of 48511 and 1047.
349
Calculate the highest common factor of 705 and 66035.
235
What is the highest common factor of 17 and 660637?
17
Calculate the greatest common factor of 2335039 and 1743.
581
Calculate the highest common divisor of 112 and 20216.
56
Calculate the greatest common factor of 27600 and 4575.
75
Calculate the greatest common factor of 110253 and 22.
11
What is the highest common factor of 50450 and 50?
50
What is the highest common divisor of 28938 and 5824?
182
Calculate the highest common divisor of 9538 and 12550.
502
Calculate the highest common factor of 11316 and 205656.
492
What is the greatest common factor of 1389 and 251?
1
Calculate the highest common divisor of 1210 and 34670.
10
Calculate the greatest common factor of 980 and 6076.
196
Calculate the greatest common factor of 521 and 112015.
521
Calculate the greatest common divisor of 44889 and 273.
39
What is the highest common factor of 6 and 301908?
6
What is the greatest common factor of 1344 and 1736?
56
What is the highest common divisor of 35669 and 1219?
53
What is the greatest common divisor of 24560 and 20?
20
Calculate the greatest common factor of 445 and 3765.
5
What is the highest common divisor of 13175 and 136400?
775
What is the highest common divisor of 268242 and 342?
114
Calculate the greatest common divisor of 68 and 266390.
34
What is the greatest common divisor of 32680 and 9120?
760
Calculate the greatest common factor of 8 and 358716.
4
Calculate the highest common divisor of 56472 and 19186.
362
What is the greatest common factor of 111008 and 32?
32
Calculate the greatest common divisor of 4918406 and 102.
34
What is the greatest common factor of 18327 and 7897?
149
What is the highest common factor of 111747 and 2316?
579
What is the greatest common factor of 25 and 109?
1
Calculate the highest common divisor of 24018 and 138.
6
Calculate the greatest common divisor of 14124 and 2112.
132
What is the highest common factor of 32315 and 115?
115
Calculate the greatest common factor of 598 and 9062.
46
Calculate the greatest common factor of 6349807 and 3118.
1559
What is the greatest common divisor of 4689 and 16672?
521
Calculate the greatest common factor of 50 and 25875.
25
Calculate the highest common factor of 97297 and 1959.
653
Calculate the greatest common factor of 33728 and 63104.
1088
Calculate the highest common factor of 465 and 65955.
15
What is the highest common divisor of 5265 and 105495?
195
Calculate the highest common factor of 162 and 519858.
162
Calculate the highest common divisor of 435 and 2115.
15
Calculate the highest common factor of 510 and 1328805.
255
Calculate the highest common divisor of 13 and 140179.
13
What is the greatest common factor of 564192 and 12407?
653
What is the highest common factor of 44 and 774345?
11
What is the highest common divisor of 3000 and 440?
40
Calculate the greatest common factor of 1218 and 496422.
174
What is the greatest common divisor of 17 and 253249?
17
What is the greatest common divisor of 160320 and 19372?
668
What is the highest common divisor of 97398 and 42?
42
Calculate the greatest common factor of 1738 and 50560.
158
What is the greatest common divisor of 9475 and 525?
25
Calculate the highest common factor of 615064 and 8.
8
What is the greatest common divisor of 121361 and 3092?
773
What is the greatest common factor of 26 and 353254?
2
What is the greatest common divisor of 741 and 18824?
13
What is the greatest common factor of 338280 and 1920?
120
What is the highest common divisor of 4876 and 40704?
212
Calculate the highest common divisor of 31086 and 1584.
198
Calculate the highest common divisor of 638 and 2349.
29
What is the greatest common divisor of 900 and 104700?
300
Calculate the highest common divisor of 1100006 and 134.
134
What is the greatest common divisor of 127909 and 148?
37
What is the highest common divisor of 19 and 116565?
19
Calculate the greatest common factor of 121 and 359744.
11
Calculate the greatest common divisor of 68882 and 2626.
202
What is the highest common factor of 2912 and 1547?
91
What is the highest common factor of 36 and 28845?
9
What is the greatest common divisor of 496929 and 1704?
213
What is the greatest common f